14*j**2 + 68*j + 15. Let t be m(5). Suppose -33 = -5*q - 8. Let b(v) = 6*v + 1 + q - 2*v**2 - 2. Determine b(t).
-16
Let o(l) = -l**3 - 5*l**2 + 3*l - 6. Suppose 34*q - 38*q - 20 = 0. Calculate o(q).
-21
Let z(f) = 5*f - 1. Suppose 4*l + 16 = 4*m, 10 = 5*l + 5*m - 10. Suppose l*a - 15 = -5*a. Let b be 1*a/(0 - -3). Determine z(b).
4
Let l(c) = -c**2 + 11*c - 12. Suppose 4*d + 2 = 4*n + 50, 4*d + 2*n = 36. Calculate l(d).
-2
Suppose -5*t + 9*t - 572 = 3*r, 4*r = 5*t - 716. Suppose -120 + t = 4*z. Let g(j) = -j**2 + 6*j - 1. What is g(z)?
4
Let v(p) = p**3 + 9*p**2 + 7*p - 7. Let t be v(-8). Let o be t/(1/(0 + -2)). Let f(s) = s**3 + 2*s**2 + 3*s + 3. Calculate f(o).
-3
Let u(j) = -j**2 - j + 11. Let m(c) = -3*c**2 - 3*c + 32. Let d(n) = 6*m(n) - 17*u(n). Let r be (0 + (1 - -4))*1. Suppose -3*x = -r*x. Determine d(x).
5
Suppose -31*n - 102 = -48*n. Suppose -4*c = 4*a - 3*a + 4, 0 = -3*a + 2*c + 16. Suppose -a*u - n = 18. Let x(m) = -m + 8. What is x(u)?
14
Let h be ((-30)/(-35))/((-4)/(-56)). Let q(x) = x**3 - 11*x**2 - 11*x - 11. Give q(h).
1
Let m(j) = j**2 - 11*j - 6. Let c be m(9). Let y = -7 - c. Let t = -12 + y. Let u(s) = -s + 10. Calculate u(t).
5
Let l(w) = -w. Let h(i) = -2*i + 1. Let g(p) = -h(p) + 6*l(p). Give g(1).
-5
Let r(c) be the third derivative of -c**6/120 + c**5/12 - 5*c**4/24 + c**3/2 + 2*c**2 - 4. Determine r(3).
6
Let h be (-5 - (-12)/(-6))*(-3)/7. Let b(w) be the second derivative of 0 - 1/12*w**4 - 1/2*w**2 + 3*w - 1/6*w**h. What is b(2)?
-7
Let t(h) = h**3 + 9*h**2 + 10*h + 16. Let w be t(-8). Let i be (1 - w)/(5 + -4). Let n(p) = -2*p - 2*p + p + 5*p + i. Give n(-4).
-7
Let h(g) = -2*g**2 - 2*g**2 + 5*g**2 + 7 - 3*g + 3*g - 4*g. Let f(u) = 3*u - 3. Let j be f(3). What is h(j)?
19
Let d(b) = b - 3*b + 2859 - 2847. Determine d(12).
-12
Let k(r) be the first derivative of 4 - 502*r**2 + r + 6 + 505*r**2. Calculate k(-1).
-5
Let k(f) = -7*f + 10. Let i(n) = 15*n - 21. Let s(y) = -6*i(y) - 13*k(y). Let u be 255/(-50) - (-13)/130. Determine s(u).
-9
Let c(f) = -3 - 202*f + 99*f + f**2 + 101*f - 2*f**3 + 4. Calculate c(-2).
25
Let t(m) = 24 - 459*m - 460*m + 918*m. Give t(22).
2
Let n = -1 + -2. Let w(y) = y - 4. Let s be w(n). Let t(o) = -2*o**2 + 3*o - 9. Let l(v) = v**2 + 5. Let u(x) = -7*l(x) - 3*t(x). What is u(s)?
6
Let v be (-4)/(-3) - (-160)/(-48). Let g = -6 - -9. Let i(d) = 3*d**2 + 6*d. Let l(s) = -6*s**2 - 11*s. Let j(y) = g*l(y) + 5*i(y). Give j(v).
-6
Suppose 5*g - 8 = 7. Let f(h) = 5 - h**g + 4 + h + 6*h**2 + 3*h. Let r = -1872 - -1879. Determine f(r).
-12
Let w(a) = -13 + 12 + 7*a**3 - 13*a**3 + a**2. Determine w(1).
-6
Suppose -11 = -3*i + 4. Suppose 0 = 4*t - 2*f - 48, i*t = -7*f + 3*f + 34. Let y(a) = -6*a - 3*a + 2 + t*a. What is y(3)?
5
Let f(l) be the first derivative of -8 - 7 + 1 + 2*l**2 - 5. What is f(3)?
12
Let t(i) be the third derivative of 0*i + 0*i**3 + 11*i**2 - 1/30*i**5 + 0*i**4 + 0. Calculate t(-1).
-2
Suppose 36*y - 71 = 6 + 67. Let f(s) be the third derivative of s**6/120 - s**5/15 - 7*s**4/24 + s**3 - s**2. What is f(y)?
-22
Let c(r) be the third derivative of 0*r + 19*r**2 - 4/3*r**3 + 1/12*r**4 + 0. Give c(6).
4
Let i(u) = -3*u - 11. Suppose 2*l + 6 = h - 1, -l = 5*h + 31. Let d be i(l). Let g(c) = -c**2 + 6*c + 6. Give g(d).
-1
Let j(h) = -h - 4*h + 5*h + 2*h**2 - 4*h + h**3 + 4. Let x be (-39)/12 - 3/(-12). Let l = -1 + x. Give j(l).
-12
Let c(l) = -l**3 - 9*l**2 + 9*l - 12. Let n be 8568/(-867) - (-8)/(-68). Calculate c(n).
-2
Let u(w) = 3*w. Let g be 24/(-4)*(-1 + 2/(-4)). Let n(h) = -h**3 - 13*h. Let a(y) = g*u(y) + 2*n(y). Calculate a(1).
-1
Suppose 42*h - 133 + 91 = 0. Let p(i) = 2 + i + 3 + 2*i - 6. Determine p(h).
2
Let k = 8 - -1. Let a be (k - 0)*(-9)/(-9). Let u(c) = -c**3 - a*c**2 - 3 - c + 4 + 4*c**2 - 3*c. Calculate u(-3).
-5
Let i(v) be the first derivative of v**4/4 + 5*v**3/3 + 3*v**2/2 - 2*v + 74. What is i(-4)?
2
Let d be 51/(-68) - (-1)/(-4). Let k(z) = 25*z + 20. Let m(b) = b + 1. Let o(n) = d*k(n) + 20*m(n). Give o(-1).
5
Suppose 3*l = -l + 8. Let w(y) = 5*y**2 - y + 1. Let b be w(2). Let p(u) = b - 19 + 5*u. Give p(l).
10
Let s(b) = -16*b - 24. Let j(v) = -13*v - 23. Let p(w) = -6*j(w) + 5*s(w). Calculate p(8).
2
Let n(d) = -d**3 + 4*d**2 + 5*d + 5. Let q be (-2)/8 + 530/8. Let t = -40 + q. Let z = -21 + t. Determine n(z).
5
Let f(s) = -2*s**2 - 3*s**3 - 2*s - 8 + 5 + 0*s. Calculate f(-2).
17
Let b(h) = -6*h + 4. Let a(x) = x**2 - 48*x - 4. Let n be a(48). Calculate b(n).
28
Let q(i) = i**2 + 7*i - 7. Suppose -5*s - 3*v - 149 = v, 0 = 3*s - 2*v + 85. Let f = s + 22. Give q(f).
-7
Let u be (-1)/3*(1 - -2). Let d = u + 1. Suppose d = 2*j - 0*j + 6. Let k(y) = y**3 + 4*y**2 - 3. Calculate k(j).
6
Let y(j) be the second derivative of -j**5/60 - 3*j**4/8 - j**3/3 - 6*j. Let n(o) be the second derivative of y(o). What is n(-7)?
5
Suppose 4*x + 4*t - 7 = -23, -5*x - 34 = -2*t. Let l(n) = -n**3 - 4*n**2 + 10*n - 8. Calculate l(x).
4
Let s = -28 - -31. Let v(o) = -o**2 + 10 - 5*o - 130*o**3 - 5*o**2 - 9 + 129*o**s. Determine v(-5).
1
Let p(s) = -s - 13. Suppose 42*b - 16*b = -234. Calculate p(b).
-4
Suppose -3*w = 3*c - 21, -4*w + 17 = -2*w + c. Let p(m) = -6*m**2 + 2*m**2 - 5*m + 0 - m**3 + 2 + w*m**2. Give p(5).
2
Let y(c) = -2*c - 5. Suppose -2*u = -x + 9, -6*u + u - 23 = -3*x. Let p be (-18 + 16)*(x + 7). Let b be (p/24)/(1/9). Give y(b).
7
Suppose 0 = 72*s - 64*s - 56. Let f(q) be the first derivative of q**4/12 - 7*q**3/6 - 2*q**2 + q - 1. Let h(o) be the first derivative of f(o). Determine h(s).
-4
Suppose 0 = -2*n + 4*n - 4. Let m(l) = -3*l - l**2 + 0*l**2 + 0*l**n. Let x(o) = -o**3 - 8*o**2 - 23*o - 45. Let f be x(-5). Give m(f).
-10
Let d(g) be the third derivative of g**5/60 - g**4/12 - g**3/3 + 93*g**2. Let f = -45 + 48. Calculate d(f).
1
Let t be 8/12 - (-16)/3. Let o(a) = a - 4. Let f be o(t). Let m(z) be the second derivative of z**5/20 - z**4/6 + z**3/2 - z**2/2 - 2*z. Calculate m(f).
5
Let q = -49 + 34. Let u = -7 - q. Let y(b) = b - u + 0 + 3 + 6. Determine y(2).
3
Let s = -700 - -690. Let y(h) = h**2 + 11*h + 8. What is y(s)?
-2
Let w(g) = 9*g**2 + 11*g + 15. Let m(k) = -5*k**2 - 6*k - 8. Let u(j) = -11*m(j) - 6*w(j). Let r = -14 + 8. Let t be (-2)/(-6) - (-20)/r. What is u(t)?
7
Let c(b) = b**3 - 5*b**2 + 2*b + 2. Let o be c(3). Let l(v) be the second derivative of v**4/12 + 3*v**3/2 - 7*v**2/2 + 1700*v. Give l(o).
3
Let g be (-16)/3*18/(-12). Let a = g - 10. Let p(m) be the third derivative of m**4/24 + m**3/2 - m**2. Calculate p(a).
1
Suppose d + 20 = 6*d. Let f(t) = -t - 4*t - 2 - 3 + 6015*t**2 - 6014*t**2. Calculate f(d).
-9
Let t(c) be the third derivative of -c**7/5040 - 7*c**6/360 + c**5/4 - 14*c**2. Let z(l) be the third derivative of t(l). Give z(0).
-14
Let n(q) = -2*q**2 + 4*q - 1. Suppose 4*g - 20 = -g, y = -4*g + 12. Let x be (-2)/y*(0 - 2). Let a = 2 - x. What is n(a)?
-7
Let j(t) = -7*t + 572 - 287 - 286 - t**2. Suppose 4*i - 4*c + c = -27, 0 = -5*i + 2*c - 32. Determine j(i).
5
Let l(r) = -6*r**2 - 22*r - 22. Let o be l(-1). Let i(g) = -g**3 - 7*g**2 - 7*g - 11. What is i(o)?
-5
Suppose 99 = 19*q - 30*q. Let p(w) = -w**2 - 10*w - 11. Give p(q).
-2
Let f(j) be the first derivative of j**4/4 + 2*j**3/3 - 2*j**2 - 3*j - 1. Let p be (-2)/8 + -3 + (-20)/(-16). What is f(p)?
5
Let a(x) = 0*x + 11 + 2*x + 19. Let v = 619 - 635. Let k be a(v). Let c(b) = 3*b**3 + b**2 - 2*b + 1. Give c(k).
-15
Suppose 4*i = -2*c + 6, -3*i + 7 + 4 = -5*c. Let m be 0/c - (0 - 3). Let r(g) = g**2 + 0 + 0 - 3*g - g - m. Calculate r(3).
-6
Let s = 23 - 18. Let m(u) = 2 - 76*u + 39*u + 38*u - s. What is m(4)?
1
Let j(g) = -2*g + 9. Let x be j(6). Let k(v) = 27 - 14 - 2*v - v**2 - 3*v - 15. Give k(x).
4
Let q(v) = -4*v + 1. Let j(i) be the third derivative of i**6/60 + 17*i**5/60 - 5*i**4/12 - 2*i**3 + 40*i**2. Let w be j(-9). Calculate q(w).
13
Suppose 0*o + 22*o = 176. Let u(y) = y**2 - 10*y + 7. Give u(o).
-9
Let u(b) = -b**2 - b + b**3 + 6*b + 11 - 4*b - 2*b**3. Let y = 13 + -8. Let k = 5 - y. What is u(k)?
11
Let u(w) be the first derivative of 0*w**2 - 5/24*w**4 + 2 - 4/3*w**3 + 1/20*w**5 + 0*w - 1/360*w**6. Let c(j) be the third derivative of u(j). Calculate c(6).
-5
Let o(s) = 3*s - 22. Let q be o(10). Let t(j) = -3 - j - 6*j + q*j. Let a = 12 + -8. Calc